= -5 + v. Suppose 13*p - 4*a = 1502, 5*p - 2*a = 203 + 383. What is the highest common factor of c and p?
11
Let m(r) = -240*r**3 - 8*r**2 - 2*r - 4. Let w be m(-2). Calculate the greatest common factor of 64 and w.
32
Let m be 250/(-20)*(-4)/5. Suppose -49 = -3*l - m. Let f(t) = t**3 + 11*t**2 + 12*t + 27. Let i be f(-4). What is the highest common divisor of l and i?
13
Let b = -338 - -343. Suppose -1389 = -3*i + 5*m, -b*i - 1591 = 2*m - 3937. Calculate the highest common factor of i and 36.
36
Suppose 2*r = -80 + 1002. Suppose -56 = 9*v - r. Suppose -g - 4*u + 20 = -2, g + u = 19. What is the highest common divisor of v and g?
9
Let c(n) = 2*n**2 - n + 1. Let q be c(-1). Suppose 0 = -q*g - 2*o + 1400, -596 = -5*g - 2*o + 1152. Calculate the greatest common divisor of g and 12.
12
Let a be (-3)/(78/24 + -4). Let o be (2 - 1) + -1 + 70 + -38. What is the greatest common divisor of a and o?
4
Let y(i) = 29 + 386*i - 763*i + 376*i. Let q be y(22). Calculate the highest common factor of q and 140.
7
Let f(v) = v**3 + 12*v**2 + 11*v + 2. Let a be f(-11). Suppose 321 = 5*t - 2*w - w, -138 = -a*t - 2*w. Calculate the greatest common divisor of 12 and t.
6
Let p be (-173)/(0 - 1)*63*(-279)/(-217). What is the highest common factor of 81 and p?
81
Let c be ((-9)/(-6))/((-3)/(-1290)*5). Suppose -14*w + 249 = -c. Calculate the greatest common divisor of 15 and w.
3
Let t be (54/12)/(3/(-4)). Let h(d) = -2*d**3 + 4*d**2 + d - 40. Let c be h(t). Calculate the greatest common factor of 10 and c.
10
Let b = -61 - -109. Suppose -803 = -14*i + 37. What is the greatest common divisor of b and i?
12
Let g(f) = -11*f**2 + 76*f. Let j be g(5). What is the greatest common factor of j and 870?
15
Let t = -2069 - -2117. Calculate the greatest common divisor of 516 and t.
12
Let p(b) = 100*b - 646. Let z be p(7). What is the highest common factor of z and 2214?
54
Suppose 0 = 2*l - 5*i - 154 - 96, -5*l - 2*i + 654 = 0. Let n be (50/8)/(((-135)/72)/(-15)). Calculate the highest common factor of n and l.
10
Let g be 16/((9128/260)/7 - 5). Let a = g - 997. What is the highest common divisor of 387 and a?
43
Let r be 4 - (2 - (-8 - -6)) - -64. Calculate the highest common divisor of r and 1696.
32
Suppose 1195*b - 1360 = -1228*b + 2083*b. Suppose 0 = -2*g + 84 + 116. What is the highest common factor of g and b?
4
Suppose 0 = -2*i + 5*p - 4*p + 138, -p + 72 = i. Calculate the greatest common divisor of i and 525.
35
Let w(x) be the first derivative of -19*x**2 - 196*x - 109. Let q be w(-7). Calculate the highest common divisor of 14 and q.
14
Let t(u) be the first derivative of -3*u**2 - 75*u - 103. Suppose 3*p = 4*p + 21. Let b be t(p). What is the greatest common divisor of b and 17?
17
Let v = -26 + 33. Suppose -18 = -3*c + 9*c. Let s be (10 - -1 - (c + v))*1. What is the greatest common factor of s and 14?
7
Suppose -39*c + 1848 = -35*c. Suppose 99*w = -4*w + 6798. Calculate the greatest common divisor of c and w.
66
Let q = -13097 - -13177. Calculate the highest common factor of q and 5360.
80
Let k = -9443 + 10793. What is the highest common divisor of 1050 and k?
150
Suppose 1140 = 14*k - 33*k. Let i be (-4)/24 - 14890/k. Calculate the highest common divisor of i and 31.
31
Let n be (9*(-1140)/(-1350))/((-1)/(-10)). Calculate the greatest common factor of n and 8132.
76
Suppose -21*q + 616 = -56. What is the highest common factor of q and 1208?
8
Suppose 0 = 3*b - 19 - 5. Suppose b*x - 108 = 68. What is the highest common factor of x and 33?
11
Suppose 94*l - 3420 = 75*l. Calculate the greatest common factor of l and 72.
36
Let i(o) = -20*o + 25. Let q be i(4). Let a be (-485)/q + (-48)/(-22) + -2. Suppose 7*f - 576 = -9*f. What is the highest common factor of f and a?
9
Let i be (-6)/9*(-3)/(-30)*15. Let x(f) = -29*f + 9. Let q be x(6). Let h be (-2)/(-7) + i + q/(-35). What is the highest common factor of 32 and h?
4
Let m(k) = -108*k - 686. Let y be m(-85). Calculate the highest common divisor of y and 62.
62
Let k(q) = 2*q**3 + 6*q**2 - 10*q - 26. Let o be k(-3). Calculate the greatest common divisor of 2972 and o.
4
Suppose -47488 = -65*l + 9049 + 4238. Calculate the highest common divisor of l and 11.
11
Let x = -164 + 290. Suppose -36*f + 43*f - x = 0. Calculate the greatest common factor of 306 and f.
18
Let r(v) = -9*v**2 - 13*v + 3. Let n be r(-1). What is the highest common divisor of 4 and n?
1
Let w be -2 - -8 - 8/(-4). Let q be ((2/(-4))/(w/32))/1. Let v be q/(-4) + (-62)/(-4). Calculate the greatest common divisor of v and 16.
16
Let q(u) = 6*u**3 - 25*u**2 + 30*u - 69. Let a be q(6). Calculate the highest common divisor of 1716 and a.
39
Suppose -29 - 101 = -10*i. Suppose -r - 47 = -4*q, 2*r - 1 - i = -q. What is the highest common factor of 324 and q?
12
Let d(r) = -r**2 - 11*r - 52. Let g be d(-15). Let h = 190 + g. Calculate the highest common divisor of 52 and h.
26
Suppose 46*f = 9*f + 9324. Let x be ((3 - 7) + 16)*(-12)/(-8). Calculate the highest common factor of f and x.
18
Let v = 13 + 8. Suppose -1031 + 396 = 5*l - 5*o, -5*o = -5. Let y = l - -168. What is the highest common divisor of v and y?
21
Let m = 433 + -473. Suppose 226 + 20 = -3*z. Let u = m - z. Calculate the greatest common factor of u and 63.
21
Suppose 4*m - 116 = -0*u + 2*u, -2*m + 66 = -3*u. Let g = m + 8. Let l be -70*(-1 - -5 - 5). Calculate the greatest common factor of g and l.
35
Let p be 35*(-22 + 7 + 17). Calculate the highest common factor of p and 2160.
10
Let j = 28432 + -28289. Let z = 0 - -13. Calculate the greatest common divisor of j and z.
13
Let u = -1146 - -2126. Calculate the highest common divisor of u and 40.
20
Let s = 13702 + -8581. Let q be s/12 + 1 + 7/(-4). Suppose 12*z - 498 = q. Calculate the highest common divisor of 7 and z.
7
Let h(g) = 98*g**2 + 16*g - 27. Let q be h(-5). Calculate the highest common factor of q and 3.
3
Let n = -86 + 105. Suppose o = n - 16. Suppose 0 = -2*s + p - o*p + 40, 5*s = -2*p + 103. Calculate the greatest common factor of 231 and s.
21
Let x(r) = 62*r**2. Let b be x(-1). Let u = 276 - -716. What is the greatest common factor of b and u?
62
Suppose -29*u + 23*u = 29*u - 101220. What is the highest common factor of 36 and u?
12
Suppose -43*a + 59278 + 62627 = 0. What is the greatest common divisor of 1575 and a?
315
Let d = -19 - -23. Suppose -d*m - 228 = -16*m. Let w = -124 + 200. What is the greatest common factor of m and w?
19
Suppose 1289 = 3*g + 1241. Let k(q) = 4*q**2. Let d = -10 - -12. Let o be k(d). Calculate the greatest common divisor of g and o.
16
Let n be ((-35)/3 - -1)/((-51)/13005). Suppose 24*w + 16*w - n = 0. Calculate the highest common divisor of w and 4.
4
Let k be (-3544)/(-40) + -13 + (-1240)/(-100). Let v(z) = 4*z**3 + 2*z - 3. Let w be v(2). What is the greatest common divisor of k and w?
11
Suppose 72*a + 6 = 73*a. Let s(l) = -2*l + 3*l - a*l + 1. Let k be s(-2). Calculate the greatest common factor of 88 and k.
11
Let y(k) = -k**3 + 7*k**2 + 12*k + 28. Let g be y(9). Let i = 298 + g. Calculate the highest common factor of 102 and i.
34
Suppose -12*t + 31 = 127. Let l be t + 264/6 + -2. Calculate the greatest common factor of 34 and l.
34
Let k(b) = 2*b**2 - 45*b - 28. Let n be k(-12). What is the highest common divisor of 450 and n?
50
Let o be (75 + -14)*4 - 4. What is the greatest common factor of 900 and o?
60
Let r(d) = d**3 - 18*d**2 + 41*d - 195. Let i be r(21). Calculate the greatest common divisor of 117 and i.
117
Suppose 27*s + 456306 - 457035 = 0. Let t(h) = -h**3 + 7*h**2 - 5*h + 3. Let c be t(6). What is the highest common divisor of s and c?
9
Suppose 5*k - 10 = 0, 13*q - 15*q + 5*k - 4 = 0. Suppose -r + 6 = q*a, -a + 9 = 5*r - 21. Let y be 1/(1/3) + 0. What is the greatest common divisor of y and r?
3
Let j = 15541 + -7451. What is the greatest common divisor of j and 30?
10
Let j = 2 - -4. Suppose 4*q - 4*w + 3 = -5, 4*w = -5*q - 10. Let n be q/((-2)/8 + 6/36). What is the highest common factor of n and j?
6
Let t(c) = -3*c**3 - 11*c - 6. Let d be t(-4). Let r(j) = -j**3 + 9*j - 24. Let a be r(-6). What is the highest common divisor of a and d?
46
Suppose -7*a - 3*a = -80. Let q = 423 + -211. Calculate the greatest common divisor of q and a.
4
Let a be (-5)/(-2)*60*(-6